ose 140 = -8*s + 164. Let b be 73/7 + s/(-7). Calculate w(b).
-8
Suppose m = 4*y + 642, -y - 157 = -0*y - 2*m. Let j be 2/5 - y/(-115) - 5. Let z(o) = -o**3 - 5*o**2 + 3*o + 3. Give z(j).
21
Let u(m) = 1 + 9*m + 8 + 4 + 5 - 11. Determine u(3).
34
Let l = -416 - -652. Suppose 34 = -q - l. Let p be q/33 + ((-6)/(-33))/1. Let n(t) = -t**3 - 7*t**2 + 8*t - 3. Calculate n(p).
-3
Let c(v) = 113*v - 68*v**2 + 66*v**2 - 77*v - 26. Determine c(16).
38
Let c(q) = 7*q - 7. Let t(v) = 11*v - 11. Let w(i) = 8*c(i) - 5*t(i). Let u(r) = -573*r - 577. Let n be u(-1). What is w(n)?
-5
Let j = 27 + -25. Let l = 95 - 99. Let x(k) = 6*k + 4. Let c(p) = 6*p + 3. Let r(n) = l*x(n) + 5*c(n). Determine r(j).
11
Suppose 0 = -2*i - 5*a + 815 - 796, 3*i = 3*a - 3. Let c(z) = -2*z**2 + 8*z. Give c(i).
8
Let h(j) = -j**2 + 9*j - 6. Suppose 0 = 2*o + 3*o - 3360. Let y = 380 - 362. Let u be (-4)/y - o/(-108). What is h(u)?
12
Suppose -1743 = 7*f - 679. Let c = 147 + f. Let t(s) = 2*s**2 + 8*s + 6. Give t(c).
16
Let c(p) = 3*p**2 + 12*p + 21. Let s(k) = -2*k**2 - 12*k - 20. Let y(h) = 6*h + 21. Let q be y(-4). Let v(j) = q*c(j) - 4*s(j). Determine v(13).
4
Let u(f) = -4458 + 1464 + f + 1486 + f + 1470. Determine u(14).
-10
Let f(y) = y**3. Let j(t) be the third derivative of 1/12*t**4 + 0*t - 1/12*t**5 + 0 - 7/6*t**3 - 11*t**2 - 1/120*t**6. Let v(p) = -2*f(p) - j(p). What is v(5)?
-3
Let u(p) = 29 - 71 + 0*p + 27 + 3*p + 26. Calculate u(-2).
5
Let o be (-27 - -24) + (0 - -2). Let a(p) = 3*p - 3. Let w(h) = h - 1. Let x(q) = o*a(q) + 4*w(q). Determine x(1).
0
Let v(h) be the third derivative of -h**4/6 - h**3 + 6*h**2 - 2*h - 107. Determine v(4).
-22
Let a(c) = 6*c - 40 - 80*c - 2*c**2 - 19 - 11 - 13. Determine a(-36).
-11
Let z(w) = -79*w + 562. Let a be z(7). Let l(y) be the first derivative of -y**3/3 + 9*y**2/2 - 8*y - 3. Determine l(a).
-8
Let t(d) be the first derivative of d**3/3 + 91*d**2/2 + 260*d + 3394. What is t(-3)?
-4
Suppose 3*l + 2*b = 4*b + 75, 5*b = 0. Let j(k) = -25*k - 20*k - 16*k + 88*k + 9 - l*k. Give j(-6).
-3
Suppose 2*c = 11 + 1. Let t be ((-3)/(-2))/(78/104). Let b(o) = -3 - 10*o**t - o**3 + 6*o + 0*o + 15*o**2. What is b(c)?
-3
Let y(b) = -55*b + 2446. Let f be y(44). Let q(w) = -10*w + 260. Calculate q(f).
0
Let w(z) = -12*z - 3. Let y be 531/1416 - 11/8. Give w(y).
9
Let c(j) = 5 + 3 + 3*j + 2 + 1. Let y = -407 - -402. Give c(y).
-4
Let l be 102/(-14) - (-2)/7. Let i(o) = 2*o + 7. Let s(v) = -2*v + 2. Let y(h) = i(h) - s(h). Calculate y(l).
-23
Suppose 0 = -3*m - x + 21 + 4, 4*m = x + 24. Let y(a) = a**2 - 7*a - 5. Let q be y(m). Let w(c) = 12*c + 2 - 8 - 13*c + 1. Give w(q).
0
Let d(g) = 2 + 326*g + 329*g - 635*g. Calculate d(5).
102
Let o(i) be the second derivative of i**4/6 - i**2 - 7199*i. Let v(g) = -g - 4. Let r be v(6). Let x = -8 - r. Determine o(x).
6
Let z(n) be the second derivative of n**4/4 - n**3/3 + n**2 + n. Let k = 129190 - 129188. What is z(k)?
10
Let h(w) = 4 - 8 + w - 3. Let s(m) = -6. Let r(a) = a**3 - a**2 - 29*a + 9. Let j be r(-5). Let y(i) = j*s(i) - 3*h(i). Give y(-2).
3
Let z(c) = -3*c + 5. Suppose -105*f - 99*f - 1386 = -50*f. Determine z(f).
32
Suppose 1 - 22 = -5*a + 2*v, 12 = -a - 5*v. Let l(h) = 130*h**3 + 133*h**3 - 6*h**2 - 4*h - 264*h**a. Give l(-6).
24
Let y(r) = 11*r - 233. Let j be y(22). Let u(t) = -t - 1. Let w(i) = -i**2 + 6*i + 9. Let x(c) = -3*u(c) + w(c). What is x(j)?
12
Let a(b) = -2*b**2 + 4*b - 4. Let n(v) = 2*v**2 - 5*v + 5. Let s(f) = -6*a(f) - 5*n(f). Suppose -35 = -15*p + 20 - 40. Calculate s(p).
2
Let w(b) = 5*b**3 + 38*b**2 + 24*b + 28. Let v(m) = -14*m**3 - 110*m**2 - 71*m - 85. Let s(y) = -6*v(y) - 17*w(y). What is s(15)?
79
Let l(p) = -19 - 35 + p + 54. Let v(a) = a**2 - 4*a - 6. Let y be (-4)/(-16) + (-30)/(-8). Let t be v(y). What is l(t)?
-6
Let x(y) = -2*y**3 + 22*y**2 + 25*y + 26. Let h be x(12). Let w(d) = d**3 - 36*d**2 - 76*d + 1. Let f be w(h). Let c(k) = 1 + 0 - 4*k + 0*k. What is c(f)?
-3
Let p = 12 + -8. Suppose 36*y = p*y + 224. Let s(x) = x - 4. What is s(y)?
3
Let c(v) = -7*v**3 - 20*v**2 - 69*v - 31. Let j(d) = 15*d**3 + 40*d**2 + 146*d + 65. Let a(u) = -13*c(u) - 6*j(u). Give a(-19).
-25
Let w(a) = -6*a - 3. Let j(n) = n**3 + 9*n**2 - 48*n + 61. Let f be j(-13). Determine w(f).
-57
Let c(z) = -z - 17. Let v = -14 + 21. Suppose -2*a + 48 = 2*w, -6*w = -2*w - 5*a - 132. Suppose -3*y + w = -v*y. What is c(y)?
-10
Let m(q) = 8*q - q**3 - 164*q**2 + 171*q**2 + q. Let b(g) = -8*g**3 + g**2 + g + 1. Let x be b(-1). Suppose 2*y - x - 7 = 0. What is m(y)?
8
Let y(l) = l**2 + 3*l - 14. Let x be y(4). Let o(r) = -x + 9*r - 8*r + 13. Let w(z) = 3*z. Let q(t) = 4*o(t) - w(t). Determine q(-4).
-8
Suppose -33*k = 21*k + 71*k + 375. Let f(h) = 6*h + 21. Calculate f(k).
3
Let x(v) = v**3 - 5*v**2 + v - 5. Suppose 2*r = -2*r + 8. Suppose -4*h - r*o + 12 = -4*o, 4*o = 5*h - 9. Determine x(h).
0
Suppose -203 + 61 = 2*j. Let m = j + 66. Let f(u) = 10. Let c(k) = k + 19. Let s(a) = -3*c(a) + 5*f(a). What is s(m)?
8
Let q(p) = p**3 - p**2 + p - 30. Let k(c) = 13*c + 8. Let o(m) = -14*m - 10. Let n(x) = 5*k(x) + 4*o(x). Let l be n(0). Calculate q(l).
-30
Suppose 2*a = -2*a - 24. Let i(x) = -x**2 - 7*x + 6. Let b be i(-6). Let j(n) = -9*n**2 + b*n**2 - 2*n**2 + 5 + 8*n + 0*n**2. What is j(a)?
-7
Let w be (-44)/(-20) - 15/75 - 5. Let p(f) = 5*f + 5. Give p(w).
-10
Let n(b) be the third derivative of b**5/12 + 101*b**4/24 + 13*b**3/6 + 13*b**2 + 17*b + 10. Calculate n(-20).
-7
Let g be -8 + (154/(-55))/(2/10*-2). Let u(x) = 13*x + 1. Calculate u(g).
-12
Let b(d) = -141*d + 191*d - 275 - 275 - d**2 + 650. Determine b(52).
-4
Suppose -11*a + 45 = -87. Suppose -7*x + a = -6*x. Let n(k) = -19*k - 11 + 32*k - x*k. Give n(5).
-6
Let g(b) be the first derivative of -b - 4/3*b**3 - 1/4*b**4 - 6 + 5/2*b**2. Calculate g(-5).
-1
Let s(y) be the second derivative of 2*y**3/3 + 8*y**2 + 10*y. Suppose 7*i - 121 = -163. Determine s(i).
-8
Let w(p) be the first derivative of p**3/3 + 41*p**2/2 + 185*p + 1714. What is w(-5)?
5
Let c(r) = 267*r + 3676. Let d(p) = -33*p - 461. Let s(h) = -2*c(h) - 17*d(h). Determine s(-18).
-1
Let q(p) = 2*p**2 - p - 4. Let y(x) = 21*x**2 - 35*x - 103. Let r(f) = -10*q(f) + y(f). Give r(27).
-9
Suppose 4116*u = 3940*u - 1232. Let k(o) be the first derivative of o**3/3 + 4*o**2 + 10*o - 1. Calculate k(u).
3
Let x(p) = p**2 + 62*p + 126. Let q be x(-60). Let z(h) = -h**2 + 8*h - 9. Calculate z(q).
3
Let j = 18 - 10. Let v(y) = -24 - 26 - 30 + 76 + y. Calculate v(j).
4
Suppose 0 = 5*f + l - 5, 4*l - 178 = -2*f - 194. Let u(v) = -2*v**3 - 2*v**2 + 2. Calculate u(f).
-22
Let u = -304 - -55. Let o = 243 + u. Let z(n) = -n**2 - 7*n - 1. Calculate z(o).
5
Let n(j) = 2*j**2 - 45*j + 7. Let a(g) = -33*g**2 - 2176*g + 154. Let h be a(-66). Determine n(h).
-15
Let s(q) = 7*q - 6. Let r(a) = 40*a - 535. Let l(j) = 3*r(j) - 39*s(j). Determine l(-9).
6
Suppose -37*a = 133*a + 13*a + 183. Let d(q) = 71*q**3 - q**2 - q. Give d(a).
-71
Suppose 2*p - 12 = -4*x, 2*x - 22 = -5*p - 0*x. Suppose 3 + 12 = 4*f - 3*j, 3*j = -p*f - 15. Suppose -2*s - 12 = -f*s. Let r(g) = 2*g + 9. Determine r(s).
-3
Suppose -4*j - 20 = 0, -918 = 4*f + j + 495. Let i = 348 + f. Let s(m) = -4*m - 3. Determine s(i).
13
Let q(w) = 16*w. Let j be (-2)/((-6)/9) - (-546)/14. Suppose 21*o - 63 + j = 0. Give q(o).
16
Let a(s) = s + 13. Let t be (5 - (-37 - 10))*-2*(-2)/8. Calculate a(t).
39
Let l(n) = -n**3 + 17*n**2 - 16*n - 10. Let v = 384 - 374. Let j be (-12)/(v/((-200)/15)). What is l(j)?
-10
Let h(z) = -2 + 3 + 2*z**2 - 39*z + 49*z + z**3 - 12*z. Let v(s) = s**2 + 10*s - 10. Let t be v(-11). Calculate h(t).
2
Let i = -3728 + 3741. Let o(y) = 4*y**3 - 50*y**2 - 27*y + 12. Give o(i).
-1
Let c be (-190 - -195)/(-1 - 0). Let x(l) be the third derivative of 2/3*l**3 + 0 + 0*l + 3*l**2 + 1/24*l**4. Determine x(c).
-1
Suppose -3*w + 3 = -4*z, 5*w - 4*w + 1 = 2*z. Let c(b) = b**2 + 4*b - 21. Give c(z).
0
Let x(r) = -r**2 + r - 23. Suppose -5*g + 5 = 5*d, 4*g = -5*d - 2473 + 2484. What is x(d)?
-65
Suppose 0 = 3*n + 98 - 23. Let f(d) = d + 27. Let w be f(n). Let k(h) = -42 - 42 - h**w + 91 + 2*h - h. What is k(5)?
-13
Let m(v) = -7*v**2 + 25*v + 10. Suppose 4*c + 4*n = 36, -8*c - n + 42 - 5 = 0. Calculate m(c).
-2
Let n = 489 + -66. Le